ten thousands digit of 129050?
2
What is the hundreds digit of 1401?
4
What is the hundreds digit of 401?
4
What is the hundreds digit of 435?
4
What is the ten thousands digit of 10656?
1
What is the tens digit of 35522?
2
What is the units digit of 22132?
2
What is the thousands digit of 3127?
3
What is the hundreds digit of 2702?
7
What is the tens digit of 624?
2
What is the hundreds digit of 9155?
1
What is the units digit of 25082?
2
What is the tens digit of 1709?
0
What is the units digit of 1209?
9
What is the units digit of 389?
9
What is the tens digit of 10250?
5
What is the hundreds digit of 2032?
0
What is the hundreds digit of 3155?
1
What is the thousands digit of 64750?
4
What is the tens digit of 7249?
4
What is the units digit of 97630?
0
What is the units digit of 17695?
5
What is the units digit of 999?
9
What is the hundreds digit of 9202?
2
What is the hundreds digit of 149577?
5
What is the units digit of 13584?
4
What is the units digit of 1865?
5
What is the units digit of 5108?
8
What is the hundreds digit of 2060?
0
What is the tens digit of 42720?
2
What is the hundreds digit of 9874?
8
What is the units digit of 2343?
3
What is the hundreds digit of 33832?
8
What is the tens digit of 2395?
9
What is the units digit of 67412?
2
What is the tens digit of 699?
9
What is the hundreds digit of 11519?
5
What is the hundreds digit of 9797?
7
What is the hundreds digit of 3649?
6
What is the units digit of 941?
1
What is the tens digit of 35509?
0
What is the hundreds digit of 2077?
0
What is the hundreds digit of 14078?
0
What is the thousands digit of 8735?
8
What is the hundreds digit of 5309?
3
What is the hundred thousands digit of 147662?
1
What is the hundreds digit of 118928?
9
What is the thousands digit of 16800?
6
What is the hundreds digit of 4191?
1
What is the units digit of 5172?
2
What is the hundreds digit of 2955?
9
What is the tens digit of 286?
8
What is the thousands digit of 40480?
0
What is the thousands digit of 5087?
5
What is the tens digit of 1412?
1
What is the hundreds digit of 103?
1
What is the units digit of 27568?
8
What is the thousands digit of 2757?
2
What is the hundreds digit of 14814?
8
What is the hundreds digit of 27147?
1
What is the hundreds digit of 34507?
5
What is the thousands digit of 4367?
4
What is the tens digit of 4429?
2
What is the tens digit of 21129?
2
What is the hundreds digit of 176?
1
What is the ten thousands digit of 14559?
1
What is the hundreds digit of 13015?
0
What is the ten thousands digit of 19443?
1
What is the units digit of 25314?
4
What is the units digit of 7400?
0
What is the tens digit of 176?
7
What is the tens digit of 2722?
2
What is the hundreds digit of 57686?
6
What is the tens digit of 8681?
8
What is the units digit of 910?
0
What is the hundreds digit of 186316?
3
What is the thousands digit of 2239?
2
What is the thousands digit of 28213?
8
What is the hundreds digit of 2703?
7
What is the hundreds digit of 116060?
0
What is the ten thousands digit of 14940?
1
What is the units digit of 2111?
1
What is the thousands digit of 38760?
8
What is the tens digit of 2826?
2
What is the hundreds digit of 42402?
4
What is the thousands digit of 2089?
2
What is the hundreds digit of 44442?
4
What is the hundreds digit of 342?
3
What is the thousands digit of 11305?
1
What is the hundreds digit of 5453?
4
What is the units digit of 378?
8
What is the hundreds digit of 14931?
9
What is the units digit of 1178?
8
What is the hundreds digit of 49600?
6
What is the thousands digit of 1634?
1
What is the thousands digit of 1620?
1
What is the hundred thousands digit of 107552?
1
What is the thousands digit of 1399?
1
What is the tens digit of 8691?
9
What is the thousands digit of 6263?
6
What is the units digit of 163?
3
What is the tens digit of 4446?
4
What is the units digit of 1766?
6
What is the tens digit of 4771?
7
What is the hundreds digit of 4811?
8
What is the tens digit of 3528?
2
What is the tens digit of 2789?
8
What is the units digit of 464?
4
What is the thousands digit of 7516?
7
What is the units digit of 2779?
9
What is the thousands digit of 79084?
9
What is the thousands digit of 19308?
9
What is the thousands digit of 3723?
3
What is the units digit of 5012?
2
What is the units digit of 2386?
6
What is the units digit of 61240?
0
What is the thousands digit of 1443?
1
What is the thousands digit of 1945?
1
What is the ten thousands digit of 14218?
1
What is the thousands digit of 139813?
9
What is the ten thousands digit of 13320?
1
What is the units digit of 8557?
7
What is the ten thousands digit of 73828?
7
What is the tens digit of 225?
2
What is the tens digit of 8685?
8
What is the hundreds digit of 270?
2
What is the ten thousands digit of 16848?
1
What is the hundreds digit of 26526?
5
What is the thousands digit of 1165?
1
What is the hundreds digit of 69702?
7
What is the tens digit of 22545?
4
What is the units digit of 382?
2
What is the units digit of 111?
1
What is the thousands digit of 112139?
2
What is the tens digit of 42656?
5
What is the units digit of 23542?
2
What is the units digit of 97?
7
What is the units digit of 2196?
6
What is the thousands digit of 3947?
3
What is the hundreds digit of 1416?
4
What is the tens digit of 605?
0
What is the units digit of 20?
0
What is the thousands digit of 10779?
0
What is the tens digit of 3725?
2
What is the units digit of 1565?
5
What is the tens digit of 12985?
8
What is the thousands digit of 90220?
0
What is the units digit of 1583?
3
What is the tens digit of 150?
5
What is the units digit of 435?
5
What is the tens digit of 1542?
4
What is the hundreds digit of 1923?
9
What is the hundreds digit of 622?
6
What is the hundreds digit of 18790?
7
What is the hundreds digit of 140?
1
What is the units digit of 65131?
1
What is the units digit of 5398?
8
What is the units digit of 31865?
5
What is the thousands digit of 61992?
1
What is the thousands digit of 1534?
1
What is the thousands digit of 53182?
3
What is the tens digit of 1062?
6
What is the thousands digit of 71803?
1
What is the ten thousands digit of 59230?
5
What is the units digit of 22?
2
What is the thousands digit of 1102?
1
What is the hundreds digit of 1004?
0
What is the tens digit of 3673?
7
What is the units digit of 4213?
3
What is the hundreds digit of 917?
9
What is the ten thousands digit of 70340?
7
What is the hundreds digit of 3147?
1
What is the thousands digit of 3413?
3
What is the tens digit of 29131?
3
What is the ten thousands digit of 97959?
9
What is the thousands digit of 5775?
5
What is the hundreds digit of 30981?
9
What is the units digit of 5187?
7
What is the units digit of 62?
2
What is the thousands digit of 3678?
3
What is the tens digit of 70438?
3
What is the thousands digit of 1553?
1
What is the units digit of 8236?
6
What is the units digit of 468?
8
What is the tens digit of 959?
5
What is the tens digit of 6829?
2
What is the thousands digit of 14370?
4
What is the hundreds digit of 16700?
7
What is the units digit of 17771?
1
What is the hundreds digit of 4726?
7
What is the hundreds digit of 3482?
4
What is the ten thousands digit of 22578?
2
What is the ten thousands digit of 59223?
5
What is the units digit of 7451?
1
What is the hundreds digit of 40440?
4
What is the hundreds digit of 3814?
8
What is the units digit of 1958?
8
What is the thousands digit of 1009?
1
What is the hundreds digit of 35462?
4
What is the thousands digit of 116976?
6
What is the hundreds digit of 702?
7
What is the hundreds digit of 774?
7
What is the tens digit of 710?
1
What is the hundreds digit of 88026?
0
What is the tens digit of 2263?
6
What is the thousands digit of 187119?
7
What is the tens digit of 8840?
4
What is the tens digit of 1395?
9
What is the units digit of 2271?
1
What is the tens digit of 5170?
7
What is the thousands digit of 36732?
6
What is the units digit of 2684?
4
What is the hundreds digit of 65051?
0
What is the tens digit of 5018?
1
What is the tens digit of 3809?
0
What is the thousands digit of 1034?
1
What is the units digit of 9799?
9
What is the units digit of 1136?
6
What is the ten thousands digit of 182428?
8
What is the thousands digit 